37099972?
False
Does 200 divide 69187800?
True
Is 4773644 a multiple of 28?
False
Is 17 a factor of 992764473?
False
Is 1958724895 a multiple of 23?
False
Is 42619980 a multiple of 202?
True
Is 8 a factor of 31280717?
False
Is 63860085 a multiple of 687?
True
Is 5891 a factor of 1862087847?
False
Is 24 a factor of 42729294?
False
Is 2 a factor of 3681252?
True
Is 6014 a factor of 94600220?
True
Does 89 divide 464052942?
True
Does 2742 divide 1748809212?
True
Does 3552 divide 430317696?
True
Is 1522148474 a multiple of 5362?
True
Is 199751120 a multiple of 166?
True
Does 4632 divide 231569977?
False
Is 194 a factor of 486303680?
True
Does 18 divide 5407372?
False
Does 3 divide 16118195?
False
Is 480 a factor of 50100480?
True
Does 4237 divide 130410623?
True
Is 2877 a factor of 347760252?
True
Is 2990 a factor of 244094630?
True
Is 101708334 a multiple of 273?
True
Is 142 a factor of 57130150?
True
Is 70984800 a multiple of 215?
False
Does 47 divide 32745934?
True
Is 690853363 a multiple of 4255?
False
Is 523 a factor of 113346652?
True
Is 8069517 a multiple of 279?
True
Is 90 a factor of 1055385090?
True
Is 894 a factor of 71345670?
True
Is 2564 a factor of 5757928?
False
Is 1065 a factor of 114435315?
True
Is 20 a factor of 9610940?
True
Does 147 divide 78868146?
True
Is 89 a factor of 14727918?
False
Is 13 a factor of 6011592?
False
Does 73 divide 1850996916?
False
Is 1879 a factor of 9377931?
False
Is 242084895 a multiple of 435?
True
Does 7 divide 117632648?
True
Is 82294224 a multiple of 8?
True
Does 100 divide 1620213405?
False
Is 1475 a factor of 31712500?
True
Is 2790406058 a multiple of 9?
False
Does 59 divide 20809892?
False
Does 76 divide 1279023491?
False
Does 5109 divide 2144248852?
False
Is 3215459830 a multiple of 11?
True
Does 38 divide 28441066?
False
Does 1835 divide 5798600?
True
Is 106347528 a multiple of 26?
False
Does 3 divide 1642758401?
False
Is 5 a factor of 107946775?
True
Is 6858102 a multiple of 606?
True
Does 938 divide 282490894?
True
Does 287 divide 496324598?
True
Is 89 a factor of 1419171824?
False
Is 1803346 a multiple of 131?
True
Is 8893 a factor of 991827397?
True
Is 4766061 a multiple of 16?
False
Is 1893 a factor of 90839391?
True
Is 20 a factor of 685899160?
True
Does 4132 divide 131675238?
False
Is 34825050 a multiple of 1103?
False
Is 114225182 a multiple of 1141?
False
Does 719 divide 1451400454?
False
Is 58288895 a multiple of 19?
False
Does 575 divide 23796678?
False
Does 1294 divide 1357899390?
False
Is 1135 a factor of 57182019?
False
Is 382722700 a multiple of 170?
True
Is 19120189 a multiple of 250?
False
Is 13 a factor of 8019193?
True
Is 11695707 a multiple of 4?
False
Is 12877865 a multiple of 1079?
True
Is 18471992 a multiple of 2198?
True
Is 69 a factor of 61055133?
True
Is 1620629236 a multiple of 17?
False
Does 17 divide 794553922?
True
Is 1284 a factor of 56981271?
False
Is 234 a factor of 1345266?
True
Does 20 divide 354591084?
False
Is 360205812 a multiple of 9?
True
Is 37961246 a multiple of 613?
False
Is 12 a factor of 67564782?
False
Is 36464785 a multiple of 41?
True
Is 1892029 a multiple of 68?
False
Does 13139 divide 529123007?
False
Is 1510255142 a multiple of 13?
False
Is 3804 a factor of 68932284?
True
Is 54 a factor of 2976995?
False
Does 1350 divide 20816224?
False
Is 12 a factor of 507919623?
False
Does 1659 divide 131170494?
True
Is 7325871 a multiple of 55?
False
Does 10 divide 2118390?
True
Is 119 a factor of 2766863169?
True
Is 30 a factor of 135356130?
True
Is 695525670 a multiple of 14?
True
Does 8 divide 98271288?
True
Is 81926760 a multiple of 8?
True
Is 3 a factor of 926276?
False
Is 6 a factor of 6099582?
True
Is 13845181 a multiple of 101?
True
Is 2014819837 a multiple of 2687?
False
Does 91 divide 265525906?
False
Is 281934045 a multiple of 98?
False
Is 452368560 a multiple of 4102?
True
Is 3618 a factor of 510693272?
False
Is 171 a factor of 452840832?
True
Is 3 a factor of 41465?
False
Is 5468516537 a multiple of 7236?
False
Is 221 a factor of 18039346?
True
Is 20 a factor of 7862703?
False
Is 13219990 a multiple of 30?
False
Does 24 divide 107162112?
True
Does 342 divide 1375978?
False
Does 70 divide 42522801?
False
Is 22451592 a multiple of 1101?
True
Is 5756154 a multiple of 4?
False
Is 44402582 a multiple of 638?
False
Is 48 a factor of 25536000?
True
Does 17 divide 111601077?
False
Is 227061265 a multiple of 1216?
False
Does 357 divide 37897692?
True
Is 19 a factor of 3347840782?
False
Does 339 divide 261909027?
True
Is 4112 a factor of 658543859?
False
Does 584 divide 119350328?
True
Is 58419710 a multiple of 16?
False
Is 4322240043 a multiple of 210?
False
Is 106128610 a multiple of 98?
True
Is 10747 a factor of 2376043483?
True
Does 340 divide 2124873520?
True
Is 4 a factor of 68863199?
False
Is 1384 a factor of 33825416?
False
Does 553 divide 9026162?
False
Is 5521880 a multiple of 37?
True
Does 11 divide 8056199?
False
Is 3 a factor of 2343032?
False
Does 259 divide 428955432?
False
Does 18 divide 299397715?
False
Is 1111 a factor of 3263007?
True
Does 224 divide 31828700?
False
Is 75337680 a multiple of 33?
True
Is 134 a factor of 29922784?
False
Is 137 a factor of 7604870?
True
Is 15 a factor of 21112410?
True
Is 31 a factor of 84260139?
True
Is 43 a factor of 816709855?
False
Does 66 divide 64073064?
True
Does 7093 divide 723569108?
False
Does 16 divide 5569762941?
False
Is 412260492 a multiple of 326?
False
Does 33 divide 1328119252?
False
Does 22 divide 415948081?
False
Is 184 a factor of 23041328?
False
Is 1326620721 a multiple of 60?
False
Is 6 a factor of 1320645299?
False
Is 2511948487 a multiple of 1407?
False
Does 13 divide 2063031351?
False
Is 838 a factor of 34812554?
False
Is 239521437 a multiple of 6200?
False
Does 916 divide 158374628?
False
Is 3 a factor of 292164416?
False
Does 12046 divide 4068030568?
True
Does 12 divide 425009412?
True
Is 112410706 a multiple of 23?
True
Does 2272 divide 2994446523?
False
Is 273296779 a multiple of 371?
True
Does 1307 divide 79366421?
False
Does 1087 divide 171174238?
True
Is 1015887184 a multiple of 1283?
False
Does 105 divide 314161365?
True
Is 20435220 a multiple of 260?
True
Is 45657638 a multiple of 325?
False
Is 24 a factor of 11917476?
False
Is 142283592 a multiple of 2504?
False
Is 180649584 a multiple of 2151?
True
Is 617084 a multiple of 37?
False
Is 34525128 a multiple of 209?
True
Is 3792225 a multiple of 23?
False
Does 2910 divide 3062018?
False
Is 13 a factor of 1037190869?
True
Does 90 divide 587788472?
False
Is 12447667 a multiple of 14?
False
Is 89668150 a multiple of 50?
True
Is 20 a factor of 134088040?
True
Is 422952110 a multiple of 70?
True
Does 26 divide 1437569354?
True
Is 164558315 a multiple of 1044?
False
Does 527 divide 365918761?
True
Does 74 divide 115162130?
True
Is 976992521 a multiple of 55?
False
Is 2370236243 a multiple of 4508?
False
Is 319773030 a multiple of 2751?
False
Is 4016220686 a multiple of 15?
False
Is 42 a factor of 361295288?
False
Does 35 divide 143787178?
False
Is 323576288 a multiple of 32?
True
Is 28763911 a multiple of 2437?
True
Does 5 divide 86573165?
True
Is 62972397 a multiple of 9?
True
Is 2326 a factor of 50163491?
False
Is 50 a factor of 1424448438?
False
Is 835217260 a multiple of 94?
True
Does 1360 divide 284882498?
False
Does 9 divide 8577000?
True
Does 2532 divide 141088818?
False
Does 17 divide 1098216218?
True
Is 69 a factor of 1083533063?
False
Is 543905210 a multiple of 2126?
True
Does 44 divide 626257985?
False
Is 10 a factor of 8785620?
True
Is 7 a factor of 1216381549?
False
Is 33 a factor of 709208716?
False
Does 4627 divide 343566628?
False
Does 77 divide 1467801027?
True
Does 229 divide 264061503?
True
Does 220 divide 125365680?
True
Does 1779 divide 116296463?
False
Does 1280 divide 1397897430?
False
Is 463897298 a multiple of 134?
False
Is 32 a factor of 38832998?
False
Is 682466395 a multiple of 151?
True
Is 4032890 a multiple of 757?
False
Is 93636567 a multiple of 29?
False
Is 1791 a factor of 3314810?
False
Does 88 divide 64569698?
False
Is 32 a factor of 175804404?
False
Does 227 divide 23522875?
True
Is 3125 a factor of 10915625?
True
Does 671 divide 3816164861?
False
Is 48355714 a multiple of 211?
True
Does 444